is the hundreds digit of d?
7
Suppose 0 = -255*v + 5703422 + 13187998. What is the units digit of v?
4
Let f = 3499 + -2483. What is the units digit of f?
6
Suppose -10210 = -79*i - 3574. What is the units digit of i?
4
Let p = -295 + 335. What is the tens digit of (p/30)/2*(-993)/(-2)?
3
Suppose -4*v - 1409 - 1043 = 4*o, 4*o + 2*v = -2444. Let a = 127 - o. What is the hundreds digit of a?
7
Suppose 0 = 2*h - 4*f - 22673 + 7209, 2*h - 3*f = 15465. What is the hundreds digit of h?
7
Let x(c) = 393*c**2 - 45*c - 210. What is the units digit of x(-9)?
8
Let w(a) = 5*a**3 + 5*a**2 + a - 6. Let y(d) = 10*d**3 + 10*d**2 + d - 13. Let m(r) = 11*w(r) - 6*y(r). Let n = -64 - -60. What is the tens digit of m(n)?
3
Let r(v) = -173*v - 10. Let x(f) = -1. Let m(n) = r(n) - 2*x(n). Let u be m(-16). Suppose 16*t = 4*t + u. What is the units digit of t?
0
Let k = 1687 - 101. Suppose 4*q - 2*m - 4198 = -1042, 2*q = 5*m + k. What is the tens digit of q?
8
Let o(p) = p - 27. Let l be o(24). Let h be 1/(-6) + 1191/18 + l. Suppose 60*c + 393 = h*c. What is the tens digit of c?
3
Let u = 175 - 75. What is the tens digit of ((-498)/26)/(-1) + u/(-650)?
1
Suppose 5*z - 34856 = -3*d + 5623, -2*z + 2*d = -16182. What is the tens digit of z?
9
Let d(v) = -398*v + 11550. What is the hundreds digit of d(-68)?
6
Suppose q + 5227 - 14208 = 0. What is the units digit of q?
1
Let d(f) = -46*f**3 - 30*f - 38. What is the tens digit of d(-7)?
5
Suppose -36*k = -31412 - 71330 - 107894. What is the tens digit of k?
5
What is the hundreds digit of 10/(-3)*(-102)/(-85) + -17 + 6127?
1
Let w be (-12)/(-20) - 56/10. Let y(s) = 10*s + 68. What is the tens digit of y(w)?
1
Suppose -s - 23 = 3*t - 3887, -2*t + 11571 = 3*s. Suppose -s = -9*c - 1002. What is the units digit of c?
7
Let d be (21 + -19)*(-42)/4. Let n = -39 - d. Let v = -17 - n. What is the units digit of v?
1
Let g = 72291 - 38529. What is the thousands digit of g?
3
Suppose 0 = -o + 4*o - 219. Let p(b) = 3*b**3 - 14*b**2 - 9*b + 2. Let q be p(7). Suppose o + q = 5*y. What is the units digit of y?
1
Let o = 542 - 1344. Let m = -287 - o. What is the units digit of m?
5
Let i = 3932 + -3606. What is the units digit of i?
6
Let k = -2950 - -26012. What is the tens digit of k?
6
Let p(h) be the first derivative of 10*h**3 - 6*h - 42. What is the hundreds digit of p(8)?
9
Suppose -13*z = -23*z. Suppose -51*i + 54*i - 348 = z. What is the units digit of i?
6
What is the hundreds digit of 6404405/451 - (-18)/33?
2
Let n(d) = 2*d + 9. Suppose 60 = 17*j - 5*j. Let k(f) = -9. Let a(b) = j*n(b) + 4*k(b). What is the units digit of a(4)?
9
Let t(f) = 29*f**3 - 14*f**2 + 42*f - 7. What is the thousands digit of t(5)?
3
Suppose 4*v + 3*x = 18674, 18666 = 4*v + 4*x - 5*x. What is the units digit of v?
7
Let b(x) = x**3 - 4*x**2 - 15*x + 16. Let q be b(8). Suppose -q*s = -157*s + 4675. What is the units digit of s?
5
Let s(b) = b**2 - 5*b + 6. Suppose 0 = -0*v + v + 3*o - 16, 0 = 4*v + 5*o - 36. Let x be s(v). Suppose 0 = -0*c + x*c - 224. What is the tens digit of c?
1
Let n(o) be the third derivative of 7*o**5/30 + o**4/24 + o**3/6 - 3*o**2 - 6. Let p = 18 - 14. What is the hundreds digit of n(p)?
2
Let c(i) = -i + 17. Let z be c(14). Suppose o + 4*a = z - 15, -12 = -5*o + 4*a. What is the units digit of 6/4*(490/15 - o)?
9
Let u(o) = 6*o**3 - 24*o**2 + 5*o + 20. Let z(s) = -7*s**3 + 25*s**2 - 6*s - 21. Let j(c) = -5*u(c) - 4*z(c). What is the units digit of j(9)?
7
Suppose 0 = 3*c - 2*q - 29332, 35*q - 32*q - 29322 = -3*c. What is the units digit of c?
6
Let d = -80 - -78. Let a = -145 - d. Let x = 331 + a. What is the units digit of x?
8
Let a(w) = -2967*w - 597. What is the tens digit of a(-2)?
3
Let h(m) = 7*m + 63. Let n be h(-9). Suppose 1087 = 3*p + j, -4*p + 4*j + 1444 = -n*j. What is the tens digit of p?
6
Suppose n - 3*j - 105 = -j, 0 = -3*n + 5*j + 312. Let v = -4688 + 4700. Let a = n - v. What is the units digit of a?
7
Suppose -3*s - 13601 - 19330 = -5*u, -5*u + 5*s + 32935 = 0. What is the tens digit of u?
8
Let y be 0/(7/14*(0 - -2)). Suppose -3*j + j + 5*n + 863 = y, -3 = 3*n. Let i = j + -299. What is the units digit of i?
0
Let k = 21511 - -6045. What is the units digit of k?
6
Let o(c) = -3*c**2 - 39*c - 16. Let h be o(-16). Let r = h + 267. What is the hundreds digit of r?
1
Let w be -1 + (1 - 9/3) + 5. What is the units digit of (-3048)/(-76) + w/(-19)?
0
Let r(j) = 9*j**2 - 115 - 3*j - 21*j**2 + j**3 + j. What is the hundreds digit of r(16)?
8
Let d(x) = 949*x - 1586. What is the units digit of d(42)?
2
Let f = -4482 + 9502. What is the units digit of f?
0
Let z(p) = -775*p + 853. What is the hundreds digit of z(-9)?
8
Suppose 0 = 14*p - 5*p + 396. Let u = 54 + p. Suppose 0*t - u*t = -1500. What is the units digit of t?
0
Suppose 0 = 12*b - 17*b - 455. What is the tens digit of ((-39)/b)/(1/987)?
2
Suppose -5*h + 5*v = 4*v - 191, -h + 2*v + 40 = 0. Let m = -18 + h. What is the tens digit of m?
2
Let a(p) = 64*p**3 - 50*p**2 + p - 12. What is the units digit of a(3)?
9
Suppose -43 = -0*i - 4*i - m, 73 = 4*i - 5*m. Let q(p) = -4*p**2 + 53*p + 3. Let o be q(i). What is the units digit of (208/24)/(((-15)/o)/(-5))?
2
Let d(r) = r**2 - 37*r + 96. Let x be d(47). Let c = x + -52. What is the units digit of c?
4
Let i(x) = 119*x - 45. Suppose 4*p - 5*o = 10, -3*p = 3*o - 21 - 0. What is the units digit of i(p)?
0
Let s(x) = 587*x - 5305. What is the tens digit of s(23)?
9
Suppose -h + 5*r - 2 = 0, 5*r = -2*h - 3*h + 20. Suppose 0 = -5*v - 20, 3 = -z + v - h*v. Suppose 706 + 169 = z*t. What is the tens digit of t?
7
Let m(r) = -r**3 - 8*r**2 + 2. Let b be m(-8). Suppose -6*v - 2*f + 218 = -2*v, 2*v - 5*f - 91 = 0. Suppose -b*d = -21 - v. What is the tens digit of d?
3
Suppose -7*l - 1968 = -4*u - 3*l, 4*u + 3*l - 1933 = 0. Let q = 663 - u. What is the hundreds digit of q?
1
Let x be ((1485/(-6))/11)/(4/56). What is the tens digit of (x/12)/(13/(-260))?
2
Suppose 0*a = -2*a + 8. Suppose 0 = a*q + 4*y - 512, 25 + 383 = 3*q - 5*y. Let b = 234 - q. What is the tens digit of b?
0
Let n be 2/3*(-15)/10. Let h(x) = -280*x**3 + 5*x**2 + 4*x. What is the units digit of h(n)?
1
Let v = 1062 - 366. What is the units digit of v?
6
Suppose 0 = -3*b - 117 + 336. Suppose 260 = -7*v - 34. Let j = b + v. What is the tens digit of j?
3
Suppose -2*h = -5*u + 32, 9 = -26*u + 28*u + 3*h. Suppose u*v - 235 = 173. What is the units digit of v?
8
Suppose c - 111 = -2*c. Let k = 33 - c. Let f = 72 + k. What is the units digit of f?
8
Let t = -1 + 6. Let r be (0/2)/(-4 + 5). Suppose 0*d - t*d - 2*q + 395 = r, -4*d = 4*q - 304. What is the tens digit of d?
8
Suppose -y - 88 = -0*y. Let p = -840 + 999. Let m = p + y. What is the tens digit of m?
7
Suppose 51490 = 2*c + 4*u, -39389 = -2*c - u + 12110. What is the thousands digit of c?
5
Let a(i) = -i**3 + 29*i**2 + 74*i + 3. Let k be -1 - -32 - (-5 + 5). What is the hundreds digit of a(k)?
3
Suppose -x - 4*b = -25 + 19, -110 = -5*x - 4*b. Let g = 197 - 294. Let v = x - g. What is the units digit of v?
3
Let i = -12116 - -24156. What is the hundreds digit of i?
0
Let o(p) = -155*p - 92. Let j(c) = 18*c - 115. Let g be j(6). What is the tens digit of o(g)?
9
What is the units digit of (-286 + -172)*2*-3?
8
Let m = 38658 - -22134. What is the tens digit of m?
9
Suppose -4*w + 30 = -6. Let m be w/(-36) + 177/4. Let x = 57 - m. What is the units digit of x?
3
Suppose 25 = 5*h, 2*w + 5*h = w + 106. Let c = w + -36. Let f = c - 17. What is the units digit of f?
8
Let z(c) = 11*c**3 + 6*c**2 + 6*c - 121. What is the units digit of z(4)?
3
Let m(w) = 4*w + 67. Let s be m(-16). Suppose 0 = -s*d + 5*v + 1511, -5*d - 3*v = -2454 - 53. What is the units digit of d?
2
Let u(s) = 2*s**2 - 9*s + 1. Let x be u(6). Suppose -9*m + x = 10*m. What is the units digit of ((-235)/94)/(2/(-4)*m)?
5
Let n(z) = z + 10. Suppose 5*y - y + 36 = 0. Let w be n(y). What is the tens digit of 1*(-3)/9*(-88 + w)?
2
Let c = 108 - 13. Let g = -16763 + 16771. Suppose -c = -g*w + 249. What is the units digit of w?
3
Let a(u) = -u**2 + u - 15. Let h be a(0). Let c(w) = 2*w + 35. Let l be c(h). Suppose l*q = 301 + 214. What is the tens digit of q?
0
Let o(d) = d + 65*d + 51*d + 44 - 2*d + 50. What is the hundreds digit of o(7)?
8
Let r(w